{"id":4134,"date":"2025-04-29T16:23:31","date_gmt":"2025-04-29T20:23:31","guid":{"rendered":"https:\/\/precrisa.ca\/?post_type=tribe_events&#038;p=4134"},"modified":"2025-04-30T22:24:12","modified_gmt":"2025-05-01T02:24:12","slug":"le-comite-etudiant-de-precrisa-vous-invite-a-son-world-cafe-au-congres-de-lacfas","status":"publish","type":"tribe_events","link":"https:\/\/precrisa.ca\/en\/evenement\/le-comite-etudiant-de-precrisa-vous-invite-a-son-world-cafe-au-congres-de-lacfas\/","title":{"rendered":"Le comit\u00e9 \u00e9tudiant de Pr\u00e9crisa vous invite \u00e0 son World Caf\u00e9 au congr\u00e8s de l\u2019Acfas! (gratuit)"},"content":{"rendered":"<p style=\"font-weight: 400;\">Dans le cadre de son colloque <em>&#8220;Pour mieux se pr\u00e9parer, ensemble : la mobilisation des savoirs pour la pr\u00e9paration de crise efficace en sant\u00e9&#8221;<\/em>, pr\u00e9sent\u00e9 au 92e Congr\u00e8s de l\u2019Acfas, le comit\u00e9 \u00e9tudiant du R\u00e9seau Pr\u00e9crisa organise une activit\u00e9 participative et inspirante : <strong>Le Caf\u00e9 des engag\u00e9\u00b7e\u00b7s \u2013 Un World Caf\u00e9 de la rel\u00e8ve sur la pr\u00e9vention des crises en sant\u00e9<\/strong>.<\/p>\n<p style=\"font-weight: 400;\"><strong>Quand<\/strong> : Jeudi 8 mai 2025, de 17h \u00e0 19h<br \/>\n<strong>O\u00f9<\/strong> : \u00c9TS (Pavillon D, salle D-3008), 1111 rue Notre-Dame Ouest, Montr\u00e9al<br \/>\n<strong>Pour qui<\/strong> : Activit\u00e9 ouverte aux personnes de 35 ans et moins inscrites au congr\u00e8s de l\u2019Acfas<br \/>\n<strong>D\u00e9tails<\/strong> : Rafra\u00eechissements et petites bouch\u00e9es seront offerts!<\/p>\n<p style=\"font-weight: 400;\">Cette rencontre conviviale sera l\u2019occasion de r\u00e9fl\u00e9chir ensemble, entre membres de la rel\u00e8ve, autour des grands enjeux li\u00e9s \u00e0 l\u2019approche <strong>Une Seule Sant\u00e9<\/strong> et \u00e0 la pr\u00e9vention des crises sanitaires. Un moment d\u2019\u00e9change stimulant \u00e0 ne pas manquer!<\/p>\n<h3 style=\"font-weight: 400;\"><strong><a href=\"https:\/\/docs.google.com\/forms\/d\/e\/1FAIpQLScFblCafpW2n83cVcPcugcllTQsxpj3dTJkmudfKeq59Xqu6w\/viewform\" target=\"_blank\" rel=\"noopener\">Inscription gratuite (places limit\u00e9es) \u2192<\/a><\/strong><\/h3>","protected":false},"excerpt":{"rendered":"<p>Dans le cadre de son colloque &#8220;Pour mieux se pr\u00e9parer, ensemble : la mobilisation des savoirs pour la pr\u00e9paration de crise efficace en sant\u00e9&#8221;, pr\u00e9sent\u00e9 au 92e Congr\u00e8s de l\u2019Acfas, [&hellip;]<\/p>","protected":false},"author":1,"featured_media":0,"template":"","meta":{"_seopress_robots_primary_cat":"","_seopress_titles_title":"","_seopress_titles_desc":"","_seopress_robots_index":"","_et_pb_use_builder":"","_et_pb_old_content":"","_et_gb_content_width":"","_tribe_events_status":"","_tribe_events_status_reason":"","footnotes":""},"tags":[],"tribe_events_cat":[47],"class_list":["post-4134","tribe_events","type-tribe_events","status-publish","hentry","tribe_events_cat-precrisa","cat_precrisa"],"jetpack_sharing_enabled":true,"_links":{"self":[{"href":"https:\/\/precrisa.ca\/en\/wp-json\/wp\/v2\/tribe_events\/4134","targetHints":{"allow":["GET"]}}],"collection":[{"href":"https:\/\/precrisa.ca\/en\/wp-json\/wp\/v2\/tribe_events"}],"about":[{"href":"https:\/\/precrisa.ca\/en\/wp-json\/wp\/v2\/types\/tribe_events"}],"author":[{"embeddable":true,"href":"https:\/\/precrisa.ca\/en\/wp-json\/wp\/v2\/users\/1"}],"version-history":[{"count":4,"href":"https:\/\/precrisa.ca\/en\/wp-json\/wp\/v2\/tribe_events\/4134\/revisions"}],"predecessor-version":[{"id":4154,"href":"https:\/\/precrisa.ca\/en\/wp-json\/wp\/v2\/tribe_events\/4134\/revisions\/4154"}],"wp:attachment":[{"href":"https:\/\/precrisa.ca\/en\/wp-json\/wp\/v2\/media?parent=4134"}],"wp:term":[{"taxonomy":"post_tag","embeddable":true,"href":"https:\/\/precrisa.ca\/en\/wp-json\/wp\/v2\/tags?post=4134"},{"taxonomy":"tribe_events_cat","embeddable":true,"href":"https:\/\/precrisa.ca\/en\/wp-json\/wp\/v2\/tribe_events_cat?post=4134"}],"curies":[{"name":"wp","href":"https:\/\/api.w.org\/{rel}","templated":true}]}}

Le comité étudiant de Précrisa vous invite à son World Café au congrès de l’Acfas! (gratuit)

<p style="font-weight: 400;">Dans le cadre de son colloque <em>&#8220;Pour mieux se préparer, ensemble : la mobilisation des savoirs pour la préparation de crise efficace en santé&#8221;</em>, présenté au 92e Congrès de l’Acfas, le comité étudiant du Réseau Précrisa organise une activité participative et inspirante : <strong>Le Café des engagé·e·s – Un World Café de la relève sur la prévention des crises en santé</strong>.</p>
<p style="font-weight: 400;"><strong>Quand</strong> : Jeudi 8 mai 2025, de 17h à 19h<br />
<strong>Où</strong> : ÉTS (Pavillon D, salle D-3008), 1111 rue Notre-Dame Ouest, Montréal<br />
<strong>Pour qui</strong> : Activité ouverte aux personnes de 35 ans et moins inscrites au congrès de l’Acfas<br />
<strong>Détails</strong> : Rafraîchissements et petites bouchées seront offerts!</p>
<p style="font-weight: 400;">Cette rencontre conviviale sera l’occasion de réfléchir ensemble, entre membres de la relève, autour des grands enjeux liés à l’approche <strong>Une Seule Santé</strong> et à la prévention des crises sanitaires. Un moment d’échange stimulant à ne pas manquer!</p>
<h3 style="font-weight: 400;"><strong><a href="https://docs.google.com/forms/d/e/1FAIpQLScFblCafpW2n83cVcPcugcllTQsxpj3dTJkmudfKeq59Xqu6w/viewform" target="_blank" rel="noopener">Inscription gratuite (places limitées) →</a></strong></h3>

<p>Dans le cadre de son colloque &#8220;Pour mieux se préparer, ensemble : la mobilisation des savoirs pour la préparation de crise efficace en santé&#8221;, présenté au 92e Congrès de l’Acfas, [&hellip;]</p>
