{"id":3696,"date":"2024-12-03T22:17:28","date_gmt":"2024-12-04T02:17:28","guid":{"rendered":"https:\/\/precrisa.ca\/?post_type=tribe_events&#038;p=3696"},"modified":"2024-12-03T23:58:23","modified_gmt":"2024-12-04T03:58:23","slug":"webinaire-poursuite-des-reflexions-resilience-communautaire-et-sante-mentale","status":"publish","type":"tribe_events","link":"https:\/\/precrisa.ca\/en\/evenement\/webinaire-poursuite-des-reflexions-resilience-communautaire-et-sante-mentale\/","title":{"rendered":"Webinaire: Poursuite des r\u00e9flexions sur la r\u00e9silience communautaire et la sant\u00e9 mentale"},"content":{"rendered":"<p>Le <strong>13 d\u00e9cembre 2024 \u00e0 12h<\/strong>, l\u2019<strong>Axe Individus, communaut\u00e9s et bien-\u00eatre<\/strong> du r\u00e9seau Pr\u00e9crisa vous invite \u00e0 un <strong>webinaire de 60 minutes<\/strong> qui s\u2019inscrit dans la continuit\u00e9 de l&#8217;\u00e9v\u00e9nement \u00ab R\u00e9silience communautaire et sant\u00e9 mentale \u00bb organis\u00e9 le 25 octobre dernier.<\/p>\n<p>Ce webinaire aura pour objectif de faire un retour sur les principaux enseignements tir\u00e9s de cette journ\u00e9e, d\u2019\u00e9changer sur les suggestions formul\u00e9es et d\u2019explorer les avenues possibles pour financer des projets en collaboration avec nos partenaires. Un moment important pour poursuivre la co-construction amorc\u00e9e en octobre et renforcer les actions concr\u00e8tes en mati\u00e8re de r\u00e9silience et de sant\u00e9 mentale en p\u00e9riode de crise.<\/p>\n<p><strong>Les th\u00e8mes abord\u00e9s lors du webinaire:<\/strong><\/p>\n<ul>\n<li><strong>Retour sur les grandes id\u00e9es et projets envisag\u00e9s<\/strong> lors de la journ\u00e9e du 25 octobre<\/li>\n<li><strong>Pr\u00e9sentation de deux trousses d\u2019outils d\u00e9j\u00e0 existantes<\/strong> en sant\u00e9 mentale lors de crise, suivie d&#8217;une discussion sur leur utilisation et leur adaptation<\/li>\n<\/ul>\n<p>Pour en savoir plus sur ces trousses et leur pertinence dans le contexte de crise sanitaire, vous pouvez consulter les liens suivants :<\/p>\n<ul>\n<li><a href=\"https:\/\/www.arica.uqar.ca\" target=\"_blank\" rel=\"noopener\">Trousse en sant\u00e9 mentale lors de crise \u2013 ARICA<\/a><\/li>\n<li><a href=\"https:\/\/www.santementalecovid.uqar.ca\" target=\"_blank\" rel=\"noopener\">Sant\u00e9 mentale et COVID-19 \u2013 UQAR<\/a><\/li>\n<\/ul>\n<p><strong>Comment participer ?<\/strong><br \/>\nLe webinaire est ouvert \u00e0 toutes les personnes int\u00e9ress\u00e9es, et la s\u00e9ance sera enregistr\u00e9e pour celles qui ne pourraient pas y assister en direct. Il est \u00e9galement possible de soumettre des suggestions ou des questions en avance.<\/p>\n<h3><a href=\"https:\/\/docs.google.com\/forms\/d\/e\/1FAIpQLSdFY4EUehHra6z6LJ6iFhc0i9iMW052KDNgbJYakd1fcOIK0Q\/viewform\" target=\"_blank\" rel=\"noopener\">Inscrivez-vous au webinaire \u279d\u202c<\/a><\/h3>\n<p>Nous encourageons les membres du r\u00e9seau Pr\u00e9crisa, ainsi que tous les acteurs int\u00e9ress\u00e9s par la r\u00e9silience communautaire et la sant\u00e9 mentale, \u00e0 participer activement \u00e0 cette discussion enrichissante et \u00e0 contribuer \u00e0 l\u2019\u00e9laboration de solutions concr\u00e8tes pour les crises futures.<\/p>\n<p>Pour acc\u00e9der aux documents relatifs \u00e0 l\u2019\u00e9v\u00e9nement du 25 octobre (programme, pr\u00e9sentation de Blake Poland, vid\u00e9o de M\u00e9lissa G\u00e9n\u00e9reux, et r\u00e9sum\u00e9 des apprentissages), vous pouvez consulter la page d\u00e9di\u00e9e sur notre site :<br \/>\n<a href=\"https:\/\/precrisa.ca\/en\/axes-animation-scientifique\/individus-communautes-bien-etre\/\" target=\"_blank\" rel=\"noopener\">Acc\u00e9der aux documents de l&#8217;\u00e9v\u00e9nement du 25 octobre<\/a>.<\/p>\n<p><strong>Autres informations \u00e0 venir :<\/strong><br \/>\nDes informations suppl\u00e9mentaires seront fournies prochainement concernant les ateliers de travail et les webinaires pr\u00e9vus pour l\u2019hiver 2025.<\/p>","protected":false},"excerpt":{"rendered":"<p>Le 13 d\u00e9cembre 2024 \u00e0 12h, l\u2019Axe Individus, communaut\u00e9s et bien-\u00eatre du r\u00e9seau Pr\u00e9crisa vous invite \u00e0 un webinaire de 60 minutes qui s\u2019inscrit dans la continuit\u00e9 de l&#8217;\u00e9v\u00e9nement \u00ab R\u00e9silience communautaire et sant\u00e9 mentale \u00bb organis\u00e9 le 25 octobre dernier.<\/p>","protected":false},"author":1,"featured_media":0,"template":"","meta":{"_seopress_robots_primary_cat":"","_seopress_titles_title":"","_seopress_titles_desc":"","_seopress_robots_index":"","_et_pb_use_builder":"","_et_pb_old_content":"","_et_gb_content_width":"","_tribe_events_status":"","_tribe_events_status_reason":"","footnotes":""},"tags":[],"tribe_events_cat":[47],"class_list":["post-3696","tribe_events","type-tribe_events","status-publish","hentry","tribe_events_cat-precrisa","cat_precrisa"],"jetpack_sharing_enabled":true,"_links":{"self":[{"href":"https:\/\/precrisa.ca\/en\/wp-json\/wp\/v2\/tribe_events\/3696","targetHints":{"allow":["GET"]}}],"collection":[{"href":"https:\/\/precrisa.ca\/en\/wp-json\/wp\/v2\/tribe_events"}],"about":[{"href":"https:\/\/precrisa.ca\/en\/wp-json\/wp\/v2\/types\/tribe_events"}],"author":[{"embeddable":true,"href":"https:\/\/precrisa.ca\/en\/wp-json\/wp\/v2\/users\/1"}],"version-history":[{"count":4,"href":"https:\/\/precrisa.ca\/en\/wp-json\/wp\/v2\/tribe_events\/3696\/revisions"}],"predecessor-version":[{"id":3757,"href":"https:\/\/precrisa.ca\/en\/wp-json\/wp\/v2\/tribe_events\/3696\/revisions\/3757"}],"wp:attachment":[{"href":"https:\/\/precrisa.ca\/en\/wp-json\/wp\/v2\/media?parent=3696"}],"wp:term":[{"taxonomy":"post_tag","embeddable":true,"href":"https:\/\/precrisa.ca\/en\/wp-json\/wp\/v2\/tags?post=3696"},{"taxonomy":"tribe_events_cat","embeddable":true,"href":"https:\/\/precrisa.ca\/en\/wp-json\/wp\/v2\/tribe_events_cat?post=3696"}],"curies":[{"name":"wp","href":"https:\/\/api.w.org\/{rel}","templated":true}]}}

Webinaire: Poursuite des réflexions sur la résilience communautaire et la santé mentale

<p>Le <strong>13 décembre 2024 à 12h</strong>, l’<strong>Axe Individus, communautés et bien-être</strong> du réseau Précrisa vous invite à un <strong>webinaire de 60 minutes</strong> qui s’inscrit dans la continuité de l&#8217;événement « Résilience communautaire et santé mentale » organisé le 25 octobre dernier.</p>
<p>Ce webinaire aura pour objectif de faire un retour sur les principaux enseignements tirés de cette journée, d’échanger sur les suggestions formulées et d’explorer les avenues possibles pour financer des projets en collaboration avec nos partenaires. Un moment important pour poursuivre la co-construction amorcée en octobre et renforcer les actions concrètes en matière de résilience et de santé mentale en période de crise.</p>
<p><strong>Les thèmes abordés lors du webinaire:</strong></p>
<ul>
<li><strong>Retour sur les grandes idées et projets envisagés</strong> lors de la journée du 25 octobre</li>
<li><strong>Présentation de deux trousses d’outils déjà existantes</strong> en santé mentale lors de crise, suivie d&#8217;une discussion sur leur utilisation et leur adaptation</li>
</ul>
<p>Pour en savoir plus sur ces trousses et leur pertinence dans le contexte de crise sanitaire, vous pouvez consulter les liens suivants :</p>
<ul>
<li><a href="https://www.arica.uqar.ca" target="_blank" rel="noopener">Trousse en santé mentale lors de crise – ARICA</a></li>
<li><a href="https://www.santementalecovid.uqar.ca" target="_blank" rel="noopener">Santé mentale et COVID-19 – UQAR</a></li>
</ul>
<p><strong>Comment participer ?</strong><br />
Le webinaire est ouvert à toutes les personnes intéressées, et la séance sera enregistrée pour celles qui ne pourraient pas y assister en direct. Il est également possible de soumettre des suggestions ou des questions en avance.</p>
<h3><a href="https://docs.google.com/forms/d/e/1FAIpQLSdFY4EUehHra6z6LJ6iFhc0i9iMW052KDNgbJYakd1fcOIK0Q/viewform" target="_blank" rel="noopener">Inscrivez-vous au webinaire ➝‬</a></h3>
<p>Nous encourageons les membres du réseau Précrisa, ainsi que tous les acteurs intéressés par la résilience communautaire et la santé mentale, à participer activement à cette discussion enrichissante et à contribuer à l’élaboration de solutions concrètes pour les crises futures.</p>
<p>Pour accéder aux documents relatifs à l’événement du 25 octobre (programme, présentation de Blake Poland, vidéo de Mélissa Généreux, et résumé des apprentissages), vous pouvez consulter la page dédiée sur notre site :<br />
<a href="https://precrisa.ca/en/axes-animation-scientifique/individus-communautes-bien-etre/" target="_blank" rel="noopener">Accéder aux documents de l&#8217;événement du 25 octobre</a>.</p>
<p><strong>Autres informations à venir :</strong><br />
Des informations supplémentaires seront fournies prochainement concernant les ateliers de travail et les webinaires prévus pour l’hiver 2025.</p>

<p>Le 13 décembre 2024 à 12h, l’Axe Individus, communautés et bien-être du réseau Précrisa vous invite à un webinaire de 60 minutes qui s’inscrit dans la continuité de l&#8217;événement « Résilience communautaire et santé mentale » organisé le 25 octobre dernier.</p>
